t is the tens digit of z?
5
Suppose 3*j + 5*l - 13 = 0, -1 + 3 = l. Let f = 4 - -1. Let o = j + f. What is the units digit of o?
6
Suppose -3*r + 6 = -6. Let m be (10/4)/5*r. Suppose -3*v + 15 = m*v. What is the units digit of v?
3
What is the hundreds digit of (0 + 94)/((16/12)/2)?
1
Suppose 5*u + 30 = 5*q, -2*u = -4*q + 15 - 1. What is the units digit of (4/6 - q)*-27?
9
Suppose 0*s = s. Suppose -5*g + 4*d + 48 = s, 2*d - 5*d + 57 = 4*g. What is the units digit of g?
2
Let n = -8 + 6. Suppose -3*o = -7*o - 3*d - 7, 1 = -4*o + 3*d. What is the units digit of o/n + (-44)/(-8)?
6
Suppose -23 = -2*i + 3*d, -5*d - 1 = 5*i + 4. Suppose 38 = 4*r - 3*v - 12, 2*r - 14 = -i*v. What is the tens digit of r?
1
Suppose -3*d + 4*d - 24 = 0. Suppose -2*n - 40 = -3*h - 5, 2*h = 2*n + d. What is the tens digit of h?
1
Suppose -3*t = -5*g - 20, -2*t = 5*g - 2 + 22. Suppose u - 9 = -m, -3*u + t*m - 4*m = -31. Suppose -f + 0 + u = 0. What is the units digit of f?
5
Suppose 4*o + 17 = 181. What is the tens digit of o?
4
What is the units digit of 1547/51 + 1/(-3)?
0
What is the units digit of (-2)/6 + (-110)/(-15) + -1?
6
Let h(w) = -w**2 + 11*w + 1. Let b be h(11). Suppose -20 = -4*f - f, -b = a - 3*f. What is the units digit of a?
1
What is the hundreds digit of 19341/81 - 4/(-18)?
2
Let h be (-2)/(-4) - 2/(-4). Suppose -5*u + 12 = -u. Suppose -u*s - h - 4 = d, -2*d + 34 = -5*s. What is the units digit of d?
7
Let u(s) = 15*s**2. What is the tens digit of u(-1)?
1
Let i(m) = -m + 8. Let d be i(5). Suppose 0*z - 3*z + 2*x = -93, -5*z + 155 = -d*x. Suppose 2*p + 3*p - z = -f, 3*p = -4*f + 39. What is the units digit of f?
6
Suppose -3*x - 169 = -3*y - 28, 2*x - 176 = -4*y. What is the units digit of y?
5
Let s = 15 + -15. What is the tens digit of 38 + -2*(s + -1)?
4
What is the tens digit of (-12)/36 + (-112)/(-3)?
3
Let c be 2 - (-3)/6*0. Let r(d) = d**3 + d**2 - 2. Let x be r(c). Suppose b + x = 6*b. What is the units digit of b?
2
Let c(z) = z**3 + 9*z**2 + 2*z - 2. Let w be c(-8). Suppose -5*x = -146 + w. What is the units digit of x?
0
Let r = 5 + -2. Suppose 0 = -0*c - 5*c - r*w + 14, 10 = -5*w. Suppose -15 = -c*h - 3. What is the units digit of h?
3
Let w(t) = 4*t + 1. Let g be w(6). Suppose -3*y - l + g = 0, -5*l + 5 = y - 3*l. What is the units digit of y?
9
Let f = 34 - 22. Let l = 7 - 9. Let m = f + l. What is the units digit of m?
0
Suppose d - z - 2*z = -3, 3*z = 4*d + 3. Suppose 180 = 2*y + 2*y. Suppose d = -2*p - 3*p + y. What is the units digit of p?
9
Suppose 27 = d - 0*d. Suppose -4*h + d - 11 = -5*o, -4 = -h - 4*o. What is the units digit of h?
4
Let g be (-2)/(-5) + (-46)/(-10). Suppose 0*s = g*s - 2*y - 83, 4*s - y - 67 = 0. What is the tens digit of s?
1
Let a = 14 - 11. Suppose 3*j + 23 = a*x - 40, -3*x + 5*j = -59. What is the units digit of x?
3
Suppose 7*q = 6*q - 26. Let s be ((-8)/(-12))/(1/(-9)). What is the units digit of q/s + (-4)/12?
4
Suppose 6*w - 70 = 3*w + 4*a, -2*w - 2*a + 42 = 0. What is the tens digit of w?
2
Let w(p) = p**3 + 11*p**2 - p - 8. Let q be w(-11). Suppose -b = -3, 2*f = f + q*b + 17. What is the tens digit of f?
2
Let j(a) be the second derivative of a**5/120 + a**4/24 - a**3/2 - 2*a. Let v(q) be the second derivative of j(q). What is the units digit of v(4)?
5
Suppose 10*y + 15 = 5*y. Let n(w) = -3*w + 2*w - 3*w + 1. What is the units digit of n(y)?
3
Suppose -6*a + 11*a = 1020. What is the tens digit of a?
0
Suppose 3*k - 8*t + 3*t = 334, 5*k - 566 = -t. What is the hundreds digit of k?
1
Let k(m) be the third derivative of -m**5/60 - m**4/4 + 5*m**3/3 - 2*m**2. Let r be k(-7). What is the units digit of r*-1*(-2)/6?
1
Let j = -19 + 11. Let n = -2 - j. Suppose 4*m = n + 26. What is the units digit of m?
8
Let g(p) = 2*p - 3. Let b be g(-4). Let o = b + 16. Suppose -15 = -3*s, o*f - 45 = s - 2*s. What is the units digit of f?
8
What is the tens digit of 168/(-49)*28/(-1)?
9
Suppose 8*y = 514 + 1014. What is the units digit of y?
1
Let f(o) = 7*o**3 - o + 1. Let b be (1 + -2)/(4/(-4)). What is the units digit of f(b)?
7
Let a(c) = -c**3 - 7*c**2 - 8*c - 4. Let f be a(-6). What is the units digit of 18/(-4)*f/(-12)?
3
Suppose -4*c = 117 - 541. What is the hundreds digit of c?
1
Let d = -23 + 130. What is the hundreds digit of d?
1
Suppose -q - 2*q + 123 = 0. Let k = q - 8. What is the units digit of k?
3
Let l = 55 + -20. Let g = l + -9. What is the units digit of g?
6
Suppose -w + 6*w + 10 = 0. Let c = 4 - w. Let h = -2 + c. What is the units digit of h?
4
Let f = -2 - -2. Let b(i) be the second derivative of i**4/12 + 3*i**2/2 - i. What is the units digit of b(f)?
3
Suppose 235 = z - 4*y, 5*y - 2*y - 525 = -2*z. What is the units digit of z?
5
What is the units digit of ((-1)/1*29)/(16/(-144))?
1
Let b be 274/8 - (-2)/(-8). Suppose 4*x + 12 = 0, -a + 3*a - 2*x = b. What is the units digit of a?
4
Suppose -2*y = 4*w - 5*y - 110, -w + 21 = -4*y. What is the units digit of w?
9
Let j(k) = 6*k - 10. What is the units digit of j(3)?
8
Let w(q) = -5*q - 20. Let x be w(-14). Suppose x = 4*g + 2*v, -3*g - v + 49 = 11. What is the units digit of g?
3
Suppose 0 = -5*o - 28 - 67. Let d = 23 + o. What is the units digit of d?
4
Suppose 106*p + 160 = 108*p. What is the tens digit of p?
8
Suppose 3*x = -5*v - 7, 4*x - v + 6 = -11. Let j be (-2)/x - (-42)/12. Suppose -2*l = j, 3*f + 0*l - 4*l - 20 = 0. What is the units digit of f?
4
Suppose -4*a - 2*f + 3*f = 279, 285 = -4*a + 3*f. Let r = a - -114. Suppose -4*q = -2*l - 60, -3*q - 2*l = -6*l - r. What is the tens digit of q?
1
Suppose 6*o - o = -4*d + 155, 4*o = -2*d + 118. Let p = o + -19. What is the units digit of p?
8
Let k be (-30)/(-6) - 2/1. Suppose 4*g - 5*z - 53 + 15 = 0, 5*g = k*z + 41. What is the units digit of g?
7
Let h = 631 + -437. What is the units digit of h?
4
Suppose -o + 6 = -6. What is the units digit of o?
2
Let b(m) = -2*m**2 + 4*m. Let j be b(4). Let v = 9 + j. Let w = 12 + v. What is the units digit of w?
5
Suppose 26 = 4*d - 34. Suppose k - d = -4*k. Suppose -k*x + 3 = -3. What is the units digit of x?
2
Let m be -69*(13/(-3) - -1). Suppose 0 = 5*n - 5*q - 120 - m, -69 = -n + 2*q. Suppose -t + 0*t = 5*r - n, -2 = -2*t. What is the tens digit of r?
1
Suppose 4*f = q - 141, -q - 5*f + 4*f = -141. What is the units digit of q?
1
Suppose 8*a - 237 = -45. What is the tens digit of a?
2
What is the tens digit of (-45)/(-4) + 3/(-12)?
1
Let l(b) = 21*b + 11. What is the units digit of l(10)?
1
Let y be (-4)/(2/(4/(-2))). Let d be (1/2 - 1)*-80. Suppose -b = y*b - d. What is the units digit of b?
8
Suppose 4*v + v - 30 = 0. Suppose v*d - 80 = d. What is the tens digit of d?
1
Let u(l) = -l**3 + l**2 + 2*l - 2. Let i be u(2). Let v(o) = -o**2 + 6*o. Let p be v(6). Let b = p - i. What is the units digit of b?
2
Let l(y) = -y**3 - 10*y**2 + 25. What is the units digit of l(-11)?
6
Let y = -209 - -366. What is the units digit of y?
7
Let i(z) = -2*z**3 - 5*z**2 - 2*z + 1. Suppose 4*l - 3*b = -6, 4*l + 11 = l - b. What is the tens digit of i(l)?
1
Let a be -5 - (-1 + 3) - 2. Let u = a + 15. Suppose 2*y = 5*y - u. What is the units digit of y?
2
Let h(l) = -4*l + 2. Let x be h(-2). What is the tens digit of ((-56)/x)/(4/(-20))?
2
Suppose -2 = -3*r + 10. Let i be r/8 - 3/6. Suppose i*l + 2*l - 36 = 0. What is the tens digit of l?
1
Let d(z) = 15*z**2 - 2*z - 1. Let b(l) = -l**3 + 6*l**2 + l - 7. Let y be b(6). What is the tens digit of d(y)?
1
Let z(d) = -4*d - 16. What is the tens digit of z(-8)?
1
Suppose -2*p + 18 = 5*r - 12, -8 = -4*p + 3*r. Suppose 2*o - 3 = -o, -4*j + 183 = -5*o. Suppose j + 18 = p*l. What is the tens digit of l?
1
Let v(p) = 16*p - 1. What is the units digit of v(1)?
5
Let s be 1/2*(-4 - -18). Let g = s + -4. Suppose 2*t = -g*t + 45. What is the units digit of t?
9
Let p be -2*(14/(-4) + 3). Suppose -86 = -5*h - p. What is the units digit of h?
7
Suppose -5*x + 10*x = 0. Suppose x = 6*v - v - 5. What is the units digit of v?
1
Let q = 9 + -5. Let z be (0 + 0)*(-2)/q. What is the units digit of -2 + (15 - (2 - z))?
1
Suppose -5*g = -2*a + 62, 0*a + a + 3*g = 9. What is the tens digit of a?
2
Let d(b) = -4 + 0*b + b + 7*b - b**2. What is the units digit of d(6)?
8
Let h = -1 + 4. Let q = -21 - -21. Suppose h*r - 5*r + 4*i + 16 = q, 1